6 + 94*i**2. Let r(n) = n**2 - n + 4. Let a be r(0). Calculate v(a).
-5
Let v be ((-6)/12)/((-1)/(-6)). Let s(c) = -c - 5. Give s(v).
-2
Suppose -2 = -u - u. Let n(q) = -4*q**2 + q - 2. Let p(z) = 6*z**2 - 2*z + 5. Let i(a) = 5*n(a) + 2*p(a). What is i(u)?
-7
Let v(u) = u**3 + 15*u**2 - u - 11. Suppose 44*d - 11*d + 495 = 0. Determine v(d).
4
Let o(v) = -v**3 + 15*v**2 + 3*v + 14. Let b(t) = 3*t**3 - 44*t**2 - 8*t - 40. Let k(g) = -4*b(g) - 11*o(g). Determine k(11).
-5
Let l(z) = -z**3 + 3*z**2 - 2*z + 1. Let g = 89 - 87. Let y(a) = -a**2 + 5*a - 3. Let r be y(g). Calculate l(r).
-5
Let v(k) = -2*k**3 - 7*k**2 - 3*k + 4. Let c be ((-56)/21)/(-1 + (-20)/(-12)). Calculate v(c).
32
Let i(o) be the third derivative of o**5/60 + o**4/8 - 5*o**3/6 + 118*o**2 - 1. Let x = -5 + 1. Calculate i(x).
-1
Suppose 3*k + 3 = 9. Let c(m) = 2 + 0*m + 0*m - 466*m**2 + 464*m**2. Calculate c(k).
-6
Let m(h) = -h**3 - 7*h**2 - 7*h + 8. Let i(q) = -2*q - 6. Let f be i(-5). Suppose -f*b - 23 = -s, 4*b + 5*s = b - 23. What is m(b)?
14
Let s(y) = 19*y + 16. Let k(n) = 10*n + 7. Let a(z) = 5*k(z) - 2*s(z). Let w = 3 - 5. Calculate a(w).
-21
Let r = -6 - -10. Let z be (r/12)/((-3)/(-36)). Let y(f) be the third derivative of -f**6/120 + f**5/15 + f**4/24 + 2*f**3/3 + 2*f**2 - 3*f. What is y(z)?
8
Let v(y) = y**3 - y**2 + y + 14. Let w(b) = -8*b - 192. Let d be w(-24). Give v(d).
14
Let x(t) be the second derivative of -5*t**4/6 + t**3/3 - t**2/2 + 143*t. Determine x(1).
-9
Let o(z) = z**3 - z + 28. Let j = -34 + 34. Give o(j).
28
Let x = -5 + 7. Suppose 5*i - 19 = x*p, -1 = -3*i - p + 6. Let q(k) = -k**i + 1 + 4 + 8*k**2 - 6*k - k**2. Calculate q(6).
5
Suppose 0 = 4*q + 1 - 1. Let c be q - 0 - 0/6. Let h(n) = -n**3 - n**2 - n - 10. Give h(c).
-10
Let a be (-2)/3 + (-329)/141. Let k(q) = q**3 + 4*q**2 + q - 7. Determine k(a).
-1
Let w(c) be the second derivative of c**5/20 + c**4/3 - c**3 + c**2/2 + 65*c + 1. Give w(-5).
6
Let x(a) = -22350 - 45*a**2 + 22350. Calculate x(-1).
-45
Let b(w) be the second derivative of -w**4/12 + 11*w**3/6 - 10*w**2 - 826*w. What is b(8)?
4
Let q = -8 + 12. Let t be (-1 - -1)/((-12)/q). Suppose t = -5*d + 5 - 0. Let c(r) = -4*r**3 - 1. Calculate c(d).
-5
Let f(s) = -s + 1. Let q(w) be the second derivative of -w**3/3 + 3*w**2/2 - w. Suppose 0 = -2*n + 2*y - 1 - 1, 5*n - 15 = y. Let i be q(n). Give f(i).
6
Let s(m) = -2*m - 2. Let l(a) = -a + 14. Let z be l(15). Let d be s(z). Let w(x) = -7*x - 4*x**2 + d - 1 + 3*x**2 - 4. What is w(-6)?
1
Suppose -x + 8 = 22. Let o be (x*1)/(2 + -4). Let j = o - 10. Let f(i) = -i**2 + 3*i - 2. What is f(j)?
-20
Let k(x) = x**2 - 7*x + 11. Let i be k(0). Let u(n) = 2*n - 12. Determine u(i).
10
Let s = 5 + -2. Let i(a) = 1 + 0 - 3 + 16 - 18 - 2*a. Calculate i(s).
-10
Let x(f) = -f**2 + 15*f - 3. Let o(b) = b**2 - 17*b + 4. Let v(a) = 6*o(a) + 7*x(a). Suppose 0*i + 4 = i. Determine v(i).
-1
Let s(c) = 5*c - 17. Let w(y) = 3*y - 14. Let v(j) = 5*s(j) - 6*w(j). Give v(7).
48
Let s = 8 - 6. Suppose s*r + 0 - 2 = 0. Let b(x) be the third derivative of x**5/60 + x**3/6 - 40*x**2. Give b(r).
2
Let y(v) = 204*v + 9*v**2 - v**3 - 420*v + 210*v + 8. Give y(8).
24
Let m(f) = f**3 - 5*f**2 - f. Let r(w) = -5*w + 10*w**2 - 4*w**2 + 7*w. Let v be r(-1). Suppose -v*u + 0*u + 20 = 0. What is m(u)?
-5
Suppose 7*q = 6*q + 2. Let d(l) = -3*l - 15*l**2 + l + q + 16*l**2 - 1. Calculate d(-2).
9
Let m(r) be the third derivative of r**6/120 + 3*r**5/20 + r**4/3 + 5*r**3/6 + 55*r**2. Give m(-8).
5
Let z = 1 + 14. Suppose 12 - z = -3*d. Let y(c) = 5*c + 1. Let q(v) = 4*v + 1. Let l(t) = 6*q(t) - 5*y(t). Determine l(d).
0
Suppose -4 = -3*j + j. Suppose 5*y - 2*t + 23 = 0, -j*y - 23 = -5*t + 3. Let d(p) = p**3 + 2*p**2 - 3*p + 1. Determine d(y).
1
Let p(d) = -7*d**2 - 4*d - 1. Let o be p(2). Let t = o - -45. Let i(c) = -c + 11. Determine i(t).
3
Let f(v) be the first derivative of -v**3/3 + 7*v**2/2 + 2*v + 4. Suppose 4*q = 3*q. Let l be q + 4*(-15)/(-10). Give f(l).
8
Suppose 15*k - 17*k - 4*o = 2, 0 = 2*k - 4*o + 2. Let q(h) = 3*h - 2. Determine q(k).
-5
Let t(o) = 4*o + 32. Let b(q) = q + 6. Let m(k) = -6*b(k) + t(k). Calculate m(-5).
6
Suppose -5*k + 3*g + 157 = -14, -2*g - 103 = -3*k. Let o = k - 28. Let m(u) = u**3 - 5*u**2 - u - 1. What is m(o)?
-6
Let n = -12 - -29. Let o(b) = -12 - n + 41 + b - 17. Give o(0).
-5
Let c(x) = x**2 - 6*x + 3. Let s(o) = -4*o**2 + 25*o - 14. Let v(d) = -9*c(d) - 2*s(d). What is v(3)?
4
Suppose -d - 4*y - 6 = -y, 2*d - y - 9 = 0. Let f = d - 0. Let w(o) be the second derivative of o**5/20 - 5*o**4/12 + 2*o**3/3 - o**2/2 - o. Give w(f).
-7
Suppose 3*u + 65 + 40 = 5*z, 0 = 3*z. Let t = u - -33. Let w(d) = 3*d - 2. Give w(t).
-8
Let a = 2514 + -2507. Let y(n) be the first derivative of 1 + 1/2*n**2 - 6*n. What is y(a)?
1
Let u(f) = -8*f - 14. Let q be u(-2). Let x(v) = v**q + 0 - 2*v + 0 - 1 + 3*v. Calculate x(-2).
1
Let j(k) = -k - 35. Let c be j(0). Let r = c + 38. Let y(z) = 3*z**3 - 5*z**3 - z**r - 8 + 7*z**2 - 2*z + 2*z**3. Calculate y(6).
16
Let a = 32 + -34. Let z = 6 + a. Suppose -5*l - 4*o - 25 = 0, -3*l = -z*o - 16 - 1. Let h(m) = 7*m. Calculate h(l).
-7
Let k(a) = 4*a**3 - 10*a**2 + a + 7. Suppose 0 = -4*s + 3 - 19. Let y(q) = 3*q**3 - 9*q**2 + q + 7. Let l(j) = s*k(j) + 5*y(j). What is l(-5)?
2
Let w be (4/(-3))/(276/414). Let q(c) be the second derivative of c**5/20 + c**4/6 + c**3/2 + 3*c**2/2 - c. Give q(w).
-3
Let w be (3*20/24)/(2/(-4)). Let q(d) = 12*d**2 - 6 - 3*d - 12*d**2 - d**2. Calculate q(w).
-16
Suppose f + 0*f + 49 = 3*y, -16 = 4*f. Let m be y/18 - (-3)/18. Let d(x) = 1. Let o(u) = 4*u - 2. Let k(i) = m*o(i) + 3*d(i). What is k(2)?
9
Let s(g) = -2*g + 9. Suppose 15*l - 14*l - 7 = 0. Suppose 6*a - 7 = -2*b + a, -b + l = -a. What is s(b)?
-3
Let x be 0/(4 - -6 - 13). Let y(u) be the second derivative of -u**3/6 - 3*u**2 - u. Determine y(x).
-6
Let n(q) = -5*q - 3. Suppose -3*s + 2*x + 1 = 0, -5*s - 35 = -18*x + 22*x. Calculate n(s).
12
Let j(d) = -d**2 + 2*d - 12. Let y = 775 + -775. Calculate j(y).
-12
Let x(k) be the second derivative of -k**3/2 + 13*k. Let z be (9/15)/(4/60). Suppose 0 = 6*s - 3 - z. Give x(s).
-6
Let z(m) = -4*m + 27. Let h(j) = -3*j + 12. Let l(q) = -5*h(q) + 3*z(q). Give l(-6).
3
Let g(o) = -3*o**3 + 0 + 9*o**2 - 4*o - 3*o**2 - 5 + 2*o**3. Let b be (-2)/3 - (-25)/(-3). Let v(p) = p**3 + 10*p**2 + 9*p + 5. Let y be v(b). Give g(y).
0
Let y(u) = 3*u**2 + 13*u + 13. Let b(x) = -4*x**2 - 14*x - 17. Let t(r) = -4*b(r) - 5*y(r). Determine t(6).
-15
Suppose 0 = 3*u + 6, -16 + 50 = -3*d - 5*u. Let n(r) = r**2 + 12*r + 6. Give n(d).
-26
Suppose y + 2*l - 11 = 0, -16 - 5 = 4*y - 5*l. Let j(b) be the second derivative of 0 + 0*b**2 + 5/6*b**3 + 13*b. Give j(y).
5
Let s(u) = -u + 4. Let o be s(0). Suppose 1 = -2*z - o*m - m, -4*z = -5*m + 17. Let j be z/6*6/3. Let i(d) = -4*d - 1. Determine i(j).
3
Let c(g) = -11*g**2 + 8*g + 11. Let p(u) = -7*u**2 + 5*u + 7. Let l(y) = 5*c(y) - 8*p(y). Let w(d) = d**3 + 21*d**2 - 26*d - 90. Let o be w(-22). What is l(o)?
3
Let r(a) = 1 + 1 + 1 - 6 - 10*a + 14*a. Calculate r(7).
25
Suppose -19*t + 15*t = -40. Let x be 161/92 - (t/(-8) - -1). Let v(u) be the first derivative of u**4/2 - 2*u**3/3 - u**2/2 - u - 3. Calculate v(x).
5
Let z(c) = -10*c + 50. Let h(s) = 8*s - 42. Let q(b) = 6*h(b) + 5*z(b). What is q(2)?
-6
Suppose 3*k - 2 = k. Let w(a) = -a**2 + 5*a**2 + k - 3*a**2. What is w(-2)?
5
Let v = -1935 + 1945. Let w(m) = m**2 - 7*m - 35. Calculate w(v).
-5
Suppose -3*w = y + 2*w + 67, -2*y + 4*w = 64. Let s be 3/((-9)/y*1). Let a(f) = -23 - s*f + 9 + 15. Determine a(1).
-13
Let s be (4/8)/(1/2). Let x(j) = 9*j + 4*j**3 + j - 8*j - 2*j**2 - s. Calculate x(1).
3
Let q be 5*(2 - 16/10). Let z = 26 + -24. Let i(n) = -z*n**q - 10 - 2*n**2 + 3*n**2 + n. Determine i(0).
-10
Let l = 44 - 36. Let g(w) be the second derivative of -w**6/360 + 7*w**5/120 - 7*w**4/12 - 4*w. Let s(d) be the third derivative of g(d). Give s(l).
-9
Let k be (-3 - (-9)/15)*10/(-4). Let b(i) = 16*i**2 + i - 5. Let h(d) = -33*d**2 - 2*d + 9. Let f(v) = k*h(v) + 11*b(v). Calculate f(-1).
-22
Suppose 4*b - 10 = -5*r - 0, 0 = -2*b + 3*r - 6. Suppose -7*d + 6*d + 4 = b. Let x(s) = -s - 6*s + d*s + 3 + s. Give x(2).
-1
Let o(z) = z + 9. Let c be o(-15). Let h(a) = 5*